{"id":7519,"date":"2020-05-15T07:49:21","date_gmt":"2020-05-15T05:49:21","guid":{"rendered":"https:\/\/bodegasvirei.com\/tienda\/unkategorisiert\/sauvignon-blanc-fermentado-en-barrica\/"},"modified":"2025-09-18T13:06:32","modified_gmt":"2025-09-18T11:06:32","slug":"sauvignon-blanc-fermentado-en-barrica","status":"publish","type":"product","link":"https:\/\/bodegasvirei.com\/de\/tienda\/wein\/sauvignon-blanc-fermentado-en-barrica\/","title":{"rendered":"Sauvignon Barrique-Fass 2024"},"content":{"rendered":"<h3>Ausarbeitung<\/h3>\n<p>6 Monate im Barrique-Fass aus franz\u00f6sischer Eiche (Erstf\u00fcllung)<\/p>\n<p>Empfohlene Trinktemperatur: Bei 6\u00ba- 8\u00baC servieren.<\/p>\n<p><strong>Auge: <\/strong>F\u00fcr das Auge pr\u00e4sentiert der Sauvignon Blanc ein leuchtendes Zitronen-Gelb, mit goldenen Reflexen, klar und brillant.<\/p>\n<p><strong>Nase<\/strong>: Unser Sauvignon Blanc 2024 erinnert in der Nase an<br \/>\nHonig, Ananas, Rosinen, weisse Bl\u00fcten und Maracuja.<\/p>\n<p><strong>Mund:<\/strong> Im Mund erscheint der Sauvignon Blanc mit etwas S\u00e4urespielund grossartiger Pers\u00f6nlichkeit, was seine aromatische Kraft am Gaumen unterstreicht. Im retronasal pr\u00e4sentiert er Aromen von tropischen Fr\u00fcchten und sogar eine gewisse S\u00fc\u00dfe.<\/p>\n<p><strong>Passt zu:<\/strong> An heissen Tagen im Sommer l\u00e4sst sich der Sauvignon Blanc erfrischend mit einem Aperitif geniessen.<\/p>\n<p>LIMITIERTE AUFLAGE<\/p>\n","protected":false},"excerpt":{"rendered":"<p>6 Monate im Barrique-Fass aus franz\u00f6sischer Eiche (Erstf\u00fcllung)<\/p>\n","protected":false},"featured_media":7537,"template":"","meta":{"iawp_total_views":24},"product_brand":[],"product_cat":[400],"product_tag":[415],"variedad-de-uva":[429],"class_list":{"0":"post-7519","1":"product","2":"type-product","3":"status-publish","4":"has-post-thumbnail","6":"product_cat-wein","7":"product_tag-weiss","8":"variedad-de-uva-souvignon-blanc-de","10":"first","11":"instock","12":"sale","13":"taxable","14":"shipping-taxable","15":"purchasable","16":"product-type-simple"},"booking_location":null,"booking_location_type":null,"booking_duration":null,"booking_duration_unit":null,"booking_buffer":null,"booking_cost":null,"booking_resources":null,"_links":{"self":[{"href":"https:\/\/bodegasvirei.com\/de\/wp-json\/wp\/v2\/product\/7519","targetHints":{"allow":["GET"]}}],"collection":[{"href":"https:\/\/bodegasvirei.com\/de\/wp-json\/wp\/v2\/product"}],"about":[{"href":"https:\/\/bodegasvirei.com\/de\/wp-json\/wp\/v2\/types\/product"}],"version-history":[{"count":0,"href":"https:\/\/bodegasvirei.com\/de\/wp-json\/wp\/v2\/product\/7519\/revisions"}],"wp:featuredmedia":[{"embeddable":true,"href":"https:\/\/bodegasvirei.com\/de\/wp-json\/wp\/v2\/media\/7537"}],"wp:attachment":[{"href":"https:\/\/bodegasvirei.com\/de\/wp-json\/wp\/v2\/media?parent=7519"}],"wp:term":[{"taxonomy":"product_brand","embeddable":true,"href":"https:\/\/bodegasvirei.com\/de\/wp-json\/wp\/v2\/product_brand?post=7519"},{"taxonomy":"product_cat","embeddable":true,"href":"https:\/\/bodegasvirei.com\/de\/wp-json\/wp\/v2\/product_cat?post=7519"},{"taxonomy":"product_tag","embeddable":true,"href":"https:\/\/bodegasvirei.com\/de\/wp-json\/wp\/v2\/product_tag?post=7519"},{"taxonomy":"variedad-de-uva","embeddable":true,"href":"https:\/\/bodegasvirei.com\/de\/wp-json\/wp\/v2\/variedad-de-uva?post=7519"}],"curies":[{"name":"wp","href":"https:\/\/api.w.org\/{rel}","templated":true}]}}

<h3>Ausarbeitung</h3>
<p>6 Monate im Barrique-Fass aus französischer Eiche (Erstfüllung)</p>
<p>Empfohlene Trinktemperatur: Bei 6º- 8ºC servieren.</p>
<p><strong>Auge: </strong>Für das Auge präsentiert der Sauvignon Blanc ein leuchtendes Zitronen-Gelb, mit goldenen Reflexen, klar und brillant.</p>
<p><strong>Nase</strong>: Unser Sauvignon Blanc 2024 erinnert in der Nase an<br />
Honig, Ananas, Rosinen, weisse Blüten und Maracuja.</p>
<p><strong>Mund:</strong> Im Mund erscheint der Sauvignon Blanc mit etwas Säurespielund grossartiger Persönlichkeit, was seine aromatische Kraft am Gaumen unterstreicht. Im retronasal präsentiert er Aromen von tropischen Früchten und sogar eine gewisse Süße.</p>
<p><strong>Passt zu:</strong> An heissen Tagen im Sommer lässt sich der Sauvignon Blanc erfrischend mit einem Aperitif geniessen.</p>
<p>LIMITIERTE AUFLAGE</p>

<p>6 Monate im Barrique-Fass aus französischer Eiche (Erstfüllung)</p>
