{"id":2380,"date":"2019-10-28T12:29:20","date_gmt":"2019-10-28T11:29:20","guid":{"rendered":"https:\/\/bodegasvirei.com\/tienda\/unkategorisiert\/vi-rei-barrica\/"},"modified":"2025-09-18T13:06:33","modified_gmt":"2025-09-18T11:06:33","slug":"vi-rei-barrica","status":"publish","type":"product","link":"https:\/\/bodegasvirei.com\/de\/tienda\/wein\/vi-rei-barrica\/","title":{"rendered":"BARRICA 2022"},"content":{"rendered":"<h3>Ausarbeitung<\/h3>\n<p>Ausgew\u00e4hlte Lese Ende August, wenn die Traube sich in ihrem perfekten Reifegrad befindet.<\/p>\n<p>Fermentation im Stahltank bei kontrollierter Temperatur und Reifung im Eichenfass, franz\u00f6sische und amerikanische Eiche.<\/p>\n<p>Empfohlene Trink-Temperatur 14-16\u00baC<\/p>\n<p><strong>Auge:<\/strong> Im Auge pr\u00e4sentiert sich ein klarer, kirsch-roter Wein mit Reflexen von Violett.<\/p>\n<p><strong>Nase:<\/strong> In der Nase finden sich fruchtige Aromen (Rosine, Pranger, Pflaume, Erdbeere, Himbeere und Brombeere. In der Nase finden sich Noten von Fr\u00fcchten (Rosinen, S\u00fcsskirsche, Pflaumen, Erdbeeren, Himbeeren und Brombeeren) und Bl\u00fcten (Iris, Veilchen und Nelke).<\/p>\n<p><strong>Mund: <\/strong>Im Mund erscheint dieser Wein sehr seidig und mit gut eingebundener S\u00e4ure, m\u00e4\u00dfiger Adstringenz durch Tannine und einem mineralischen Hauch der verschiedenen Salze unseres einzigartigen Terroirs. Ein langer, anhaltender und sehr angenehmer Abgang am Gaumen.<\/p>\n<p><strong>Kombination mit Speisen: <\/strong>Sehr empfehlenswert f\u00fcr Vorspeisen, Tapas (Nieren, Frito Mallorquin, Bries, eingelegtes Rebhuhn),  und kr\u00e4ftiges, rotes Fleisch sowie Wild-Gerichte, aber Sie k\u00f6nnen diesen hochwertigen Rotwein auch ohne Begleitung geniessen.<\/p>\n","protected":false},"excerpt":{"rendered":"<p>Ausarbeitung Ausgew\u00e4hlte Lese Ende August, wenn die Traube sich in ihrem perfekten Reifegrad befindet. Fermentation im Stahltank bei kontrollierter Temperatur und Reifung im Eichenfass, franz\u00f6sische und amerikanische Eiche. Empfohlene Trink-Temperatur 14-16\u00baC Auge: Im Auge pr\u00e4sentiert sich ein klarer, kirsch-roter Wein mit Reflexen von Violett. Nase: In der Nase finden sich fruchtige Aromen (Rosine, Pranger, Pflaume, &#8230; <a title=\"BARRICA 2022\" class=\"read-more\" href=\"https:\/\/bodegasvirei.com\/de\/tienda\/wein\/vi-rei-barrica\/\" aria-label=\"Read more about BARRICA 2022\">Read more<\/a><\/p>\n","protected":false},"featured_media":1313,"template":"","meta":{"iawp_total_views":30},"product_brand":[],"product_cat":[400],"product_tag":[401],"variedad-de-uva":[403,408,402,435,404],"class_list":{"0":"post-2380","1":"product","2":"type-product","3":"status-publish","4":"has-post-thumbnail","6":"product_cat-wein","7":"product_tag-rot","8":"variedad-de-uva-cabernet-sauvignon-de","9":"variedad-de-uva-callet-de","10":"variedad-de-uva-manto-negro-de","11":"variedad-de-uva-merlot-de","12":"variedad-de-uva-syrah-de","14":"first","15":"instock","16":"taxable","17":"shipping-taxable","18":"purchasable","19":"product-type-simple"},"booking_location":null,"booking_location_type":null,"booking_duration":null,"booking_duration_unit":null,"booking_buffer":null,"booking_cost":null,"booking_resources":null,"_links":{"self":[{"href":"https:\/\/bodegasvirei.com\/de\/wp-json\/wp\/v2\/product\/2380","targetHints":{"allow":["GET"]}}],"collection":[{"href":"https:\/\/bodegasvirei.com\/de\/wp-json\/wp\/v2\/product"}],"about":[{"href":"https:\/\/bodegasvirei.com\/de\/wp-json\/wp\/v2\/types\/product"}],"version-history":[{"count":0,"href":"https:\/\/bodegasvirei.com\/de\/wp-json\/wp\/v2\/product\/2380\/revisions"}],"wp:featuredmedia":[{"embeddable":true,"href":"https:\/\/bodegasvirei.com\/de\/wp-json\/wp\/v2\/media\/1313"}],"wp:attachment":[{"href":"https:\/\/bodegasvirei.com\/de\/wp-json\/wp\/v2\/media?parent=2380"}],"wp:term":[{"taxonomy":"product_brand","embeddable":true,"href":"https:\/\/bodegasvirei.com\/de\/wp-json\/wp\/v2\/product_brand?post=2380"},{"taxonomy":"product_cat","embeddable":true,"href":"https:\/\/bodegasvirei.com\/de\/wp-json\/wp\/v2\/product_cat?post=2380"},{"taxonomy":"product_tag","embeddable":true,"href":"https:\/\/bodegasvirei.com\/de\/wp-json\/wp\/v2\/product_tag?post=2380"},{"taxonomy":"variedad-de-uva","embeddable":true,"href":"https:\/\/bodegasvirei.com\/de\/wp-json\/wp\/v2\/variedad-de-uva?post=2380"}],"curies":[{"name":"wp","href":"https:\/\/api.w.org\/{rel}","templated":true}]}}

<h3>Ausarbeitung</h3>
<p>Ausgewählte Lese Ende August, wenn die Traube sich in ihrem perfekten Reifegrad befindet.</p>
<p>Fermentation im Stahltank bei kontrollierter Temperatur und Reifung im Eichenfass, französische und amerikanische Eiche.</p>
<p>Empfohlene Trink-Temperatur 14-16ºC</p>
<p><strong>Auge:</strong> Im Auge präsentiert sich ein klarer, kirsch-roter Wein mit Reflexen von Violett.</p>
<p><strong>Nase:</strong> In der Nase finden sich fruchtige Aromen (Rosine, Pranger, Pflaume, Erdbeere, Himbeere und Brombeere. In der Nase finden sich Noten von Früchten (Rosinen, Süsskirsche, Pflaumen, Erdbeeren, Himbeeren und Brombeeren) und Blüten (Iris, Veilchen und Nelke).</p>
<p><strong>Mund: </strong>Im Mund erscheint dieser Wein sehr seidig und mit gut eingebundener Säure, mäßiger Adstringenz durch Tannine und einem mineralischen Hauch der verschiedenen Salze unseres einzigartigen Terroirs. Ein langer, anhaltender und sehr angenehmer Abgang am Gaumen.</p>
<p><strong>Kombination mit Speisen: </strong>Sehr empfehlenswert für Vorspeisen, Tapas (Nieren, Frito Mallorquin, Bries, eingelegtes Rebhuhn),  und kräftiges, rotes Fleisch sowie Wild-Gerichte, aber Sie können diesen hochwertigen Rotwein auch ohne Begleitung geniessen.</p>

<p>Ausarbeitung Ausgewählte Lese Ende August, wenn die Traube sich in ihrem perfekten Reifegrad befindet. Fermentation im Stahltank bei kontrollierter Temperatur und Reifung im Eichenfass, französische und amerikanische Eiche. Empfohlene Trink-Temperatur 14-16ºC Auge: Im Auge präsentiert sich ein klarer, kirsch-roter Wein mit Reflexen von Violett. Nase: In der Nase finden sich fruchtige Aromen (Rosine, Pranger, Pflaume, &#8230; <a title="BARRICA 2022" class="read-more" href="https://bodegasvirei.com/de/tienda/wein/vi-rei-barrica/" aria-label="Read more about BARRICA 2022">Read more</a></p>
