{"id":2360,"date":"2019-10-28T16:54:06","date_gmt":"2019-10-28T15:54:06","guid":{"rendered":"https:\/\/bodegasvirei.com\/tienda\/unkategorisiert\/souvignon-blanc\/"},"modified":"2025-09-18T13:06:32","modified_gmt":"2025-09-18T11:06:32","slug":"souvignon-blanc","status":"publish","type":"product","link":"https:\/\/bodegasvirei.com\/de\/tienda\/wein\/souvignon-blanc\/","title":{"rendered":"SAUVIGNON BLANC 2022"},"content":{"rendered":"<h3>Ausarbeitung<\/h3>\n<p>Ausgew\u00e4hlte Ernte Ende August 2017, wenn die Trauben die perfekte Reife erzielt haben.<\/p>\n<p>Die G\u00e4rung findet in Edelstahltanks bei kontrollierten Temperaturen statt. Es handelt sich bei die-sem Wein um eine limitierte Auflage.<\/p>\n<p>Empfohlene Trinktemperatur 8\u00ba- 10\u00baC.<\/p>\n<p><strong>Auge<\/strong>: F\u00fcr das Auge pr\u00e4sentiert der Sauvignon Blanc ein leuchtendes Zitronen-Gelb, mit goldenen Reflexen, klar und billant.<\/p>\n<p><strong>Nase<\/strong>: Unser Sauvignon Blanc 2017 erinnert in der Nase an Honig, Sandkuchen, Ananas, Banane, Erdbeere, Pfirsich und rosa Grapefuit.<\/p>\n<p><strong>Mund<\/strong>: Im Mund erscheint der Sauvignon Blanc mit etwas S\u00e4urespiel und grossartiger Pers\u00f6nlichkeit, was seine aromatische Kraft am Gaumen unterstreicht. Im retronasal pr\u00e4sentiert er Aromen von tropischen Fr\u00fcchten und sogar eine gewisse S\u00fc\u00dfe.<\/p>\n<p><strong>Passt zu<\/strong>: An heissen Tagen im Sommer l\u00e4sst sich der Sauvignon Blanc erfrischend mit einem Aperitif geniessen. Zum Mittagessen oder leichtem Abendessen, wie Pastas, Reisgerichte oder Fisch kombiniert er perfekt, einschliesslich leichter Fleischgerichte.<\/p>\n","protected":false},"excerpt":{"rendered":"<p>Ausarbeitung Ausgew\u00e4hlte Ernte Ende August 2017, wenn die Trauben die perfekte Reife erzielt haben. Die G\u00e4rung findet in Edelstahltanks bei kontrollierten Temperaturen statt. Es handelt sich bei die-sem Wein um eine limitierte Auflage. Empfohlene Trinktemperatur 8\u00ba- 10\u00baC. Auge: F\u00fcr das Auge pr\u00e4sentiert der Sauvignon Blanc ein leuchtendes Zitronen-Gelb, mit goldenen Reflexen, klar und billant. Nase: &#8230; <a title=\"SAUVIGNON BLANC 2022\" class=\"read-more\" href=\"https:\/\/bodegasvirei.com\/de\/tienda\/wein\/souvignon-blanc\/\" aria-label=\"Read more about SAUVIGNON BLANC 2022\">Read more<\/a><\/p>\n","protected":false},"featured_media":1387,"template":"","meta":{"iawp_total_views":20},"product_brand":[],"product_cat":[400],"product_tag":[415],"variedad-de-uva":[429],"class_list":{"0":"post-2360","1":"product","2":"type-product","3":"status-publish","4":"has-post-thumbnail","6":"product_cat-wein","7":"product_tag-weiss","8":"variedad-de-uva-souvignon-blanc-de","10":"first","11":"instock","12":"taxable","13":"shipping-taxable","14":"purchasable","15":"product-type-simple"},"booking_location":null,"booking_location_type":null,"booking_duration":null,"booking_duration_unit":null,"booking_buffer":null,"booking_cost":null,"booking_resources":null,"_links":{"self":[{"href":"https:\/\/bodegasvirei.com\/de\/wp-json\/wp\/v2\/product\/2360","targetHints":{"allow":["GET"]}}],"collection":[{"href":"https:\/\/bodegasvirei.com\/de\/wp-json\/wp\/v2\/product"}],"about":[{"href":"https:\/\/bodegasvirei.com\/de\/wp-json\/wp\/v2\/types\/product"}],"version-history":[{"count":0,"href":"https:\/\/bodegasvirei.com\/de\/wp-json\/wp\/v2\/product\/2360\/revisions"}],"wp:featuredmedia":[{"embeddable":true,"href":"https:\/\/bodegasvirei.com\/de\/wp-json\/wp\/v2\/media\/1387"}],"wp:attachment":[{"href":"https:\/\/bodegasvirei.com\/de\/wp-json\/wp\/v2\/media?parent=2360"}],"wp:term":[{"taxonomy":"product_brand","embeddable":true,"href":"https:\/\/bodegasvirei.com\/de\/wp-json\/wp\/v2\/product_brand?post=2360"},{"taxonomy":"product_cat","embeddable":true,"href":"https:\/\/bodegasvirei.com\/de\/wp-json\/wp\/v2\/product_cat?post=2360"},{"taxonomy":"product_tag","embeddable":true,"href":"https:\/\/bodegasvirei.com\/de\/wp-json\/wp\/v2\/product_tag?post=2360"},{"taxonomy":"variedad-de-uva","embeddable":true,"href":"https:\/\/bodegasvirei.com\/de\/wp-json\/wp\/v2\/variedad-de-uva?post=2360"}],"curies":[{"name":"wp","href":"https:\/\/api.w.org\/{rel}","templated":true}]}}

<h3>Ausarbeitung</h3>
<p>Ausgewählte Ernte Ende August 2017, wenn die Trauben die perfekte Reife erzielt haben.</p>
<p>Die Gärung findet in Edelstahltanks bei kontrollierten Temperaturen statt. Es handelt sich bei die-sem Wein um eine limitierte Auflage.</p>
<p>Empfohlene Trinktemperatur 8º- 10ºC.</p>
<p><strong>Auge</strong>: Für das Auge präsentiert der Sauvignon Blanc ein leuchtendes Zitronen-Gelb, mit goldenen Reflexen, klar und billant.</p>
<p><strong>Nase</strong>: Unser Sauvignon Blanc 2017 erinnert in der Nase an Honig, Sandkuchen, Ananas, Banane, Erdbeere, Pfirsich und rosa Grapefuit.</p>
<p><strong>Mund</strong>: Im Mund erscheint der Sauvignon Blanc mit etwas Säurespiel und grossartiger Persönlichkeit, was seine aromatische Kraft am Gaumen unterstreicht. Im retronasal präsentiert er Aromen von tropischen Früchten und sogar eine gewisse Süße.</p>
<p><strong>Passt zu</strong>: An heissen Tagen im Sommer lässt sich der Sauvignon Blanc erfrischend mit einem Aperitif geniessen. Zum Mittagessen oder leichtem Abendessen, wie Pastas, Reisgerichte oder Fisch kombiniert er perfekt, einschliesslich leichter Fleischgerichte.</p>

<p>Ausarbeitung Ausgewählte Ernte Ende August 2017, wenn die Trauben die perfekte Reife erzielt haben. Die Gärung findet in Edelstahltanks bei kontrollierten Temperaturen statt. Es handelt sich bei die-sem Wein um eine limitierte Auflage. Empfohlene Trinktemperatur 8º- 10ºC. Auge: Für das Auge präsentiert der Sauvignon Blanc ein leuchtendes Zitronen-Gelb, mit goldenen Reflexen, klar und billant. Nase: &#8230; <a title="SAUVIGNON BLANC 2022" class="read-more" href="https://bodegasvirei.com/de/tienda/wein/souvignon-blanc/" aria-label="Read more about SAUVIGNON BLANC 2022">Read more</a></p>
